what is -101 + -1010010110000?
-1010010110101
In base 14, what is -33660 + 10?
-33650
In base 7, what is -104 - -44563?
44456
In base 5, what is 21322 - -4?
21331
In base 6, what is -21245 - 333?
-22022
In base 6, what is -212125533 + -3?
-212125540
In base 6, what is -125 - 522?
-1051
In base 11, what is 2 + -131a8?
-131a6
In base 4, what is -122 - -3230311?
3230123
In base 5, what is -31 + -1101312?
-1101343
In base 7, what is 2 + -331245?
-331243
In base 13, what is 6673cc + 4?
667403
In base 11, what is 76a9 - 5?
76a4
In base 10, what is 1083 - 107?
976
In base 8, what is 5 + -33457?
-33452
In base 11, what is -23 + a81?
a59
In base 2, what is -100011 - -111011110?
110111011
In base 6, what is 4 + -22513533?
-22513525
In base 6, what is 110311500 + 5?
110311505
In base 11, what is -4a + -544?
-593
In base 7, what is 14 + 41125?
41142
In base 2, what is 11101011011100 + -1011?
11101011010001
In base 9, what is 44363 + 3?
44366
In base 11, what is 5 - 18916?
-18911
In base 15, what is -c4 - -178?
a4
In base 10, what is 26011 + 5?
26016
In base 8, what is 65334 - -3?
65337
In base 10, what is -886 + -3?
-889
In base 5, what is 10 - -1020420?
1020430
In base 6, what is -33053 - -5?
-33044
In base 13, what is 47 - -569?
5b3
In base 3, what is 1000 + -1011121011?
-1011120011
In base 5, what is 4 + 4223404?
4223413
In base 7, what is -3210406 + -12?
-3210421
In base 15, what is a0c7 + 25?
a0ec
In base 11, what is 4 + 3969?
3972
In base 15, what is 2 - -1ee3?
1ee5
In base 16, what is 4dcb96 - -3?
4dcb99
In base 12, what is 32a516 + -4?
32a512
In base 7, what is 51 + -265321?
-265240
In base 14, what is 106 - -2016?
211c
In base 5, what is 334304412 + -3?
334304404
In base 15, what is 49e + 4?
4a3
In base 15, what is 4 - -327d?
3282
In base 9, what is 7 - -4552?
4560
In base 6, what is -1012104 - -12?
-1012052
In base 9, what is -1066 - 16?
-1083
In base 2, what is -10 - -111001010000000?
111001001111110
In base 2, what is -11001010000111011 - 1?
-11001010000111100
In base 11, what is 2043 + -104?
1a3a
In base 11, what is 22 + -3a06?
-3994
In base 6, what is 215452233 + -3?
215452230
In base 5, what is -2444 + 14?
-2430
In base 15, what is 9eec4 + 0?
9eec4
In base 11, what is 49a - -27?
516
In base 15, what is 3618 - 117?
3501
In base 5, what is -10330131 - -10?
-10330121
In base 9, what is 16588 - 3?
16585
In base 10, what is -15157 - 39?
-15196
In base 13, what is 1 - -317b?
317c
In base 8, what is 2105 - 3242?
-1135
In base 11, what is 1 - -58a1?
58a2
In base 11, what is 7775 - -2?
7777
In base 11, what is -1 - -51231?
51230
In base 6, what is -3513401 + -2?
-3513403
In base 6, what is -1244 - 31?
-1315
In base 4, what is -201 - 23112?
-23313
In base 11, what is 2414852 + -3?
241484a
In base 7, what is -61002412 - -2?
-61002410
In base 14, what is -bc246 - -3?
-bc243
In base 15, what is -995b4 - 1?
-995b5
In base 10, what is -18774 - -57?
-18717
In base 4, what is 21 - -31222203?
31222230
In base 2, what is 101110 + 11110100001000?
11110100110110
In base 3, what is 2 - -1112112020?
1112112022
In base 6, what is 1154250 - 12?
1154234
In base 7, what is -306345 - -3?
-306342
In base 11, what is -4 - 9252?
-9256
In base 16, what is -19 - 403?
-41c
In base 16, what is 1c774 + d?
1c781
In base 13, what is -95b + -57?
-9b5
In base 2, what is 1001111000 + -11000?
1001100000
In base 3, what is 2220120 + -1111?
2212002
In base 9, what is -3 - 23802?
-23805
In base 13, what is 16068 - 28?
16040
In base 6, what is 4 - -422510?
422514
In base 6, what is 102252 + 4?
102300
In base 2, what is -1000010011011001000 - 100?
-1000010011011001100
In base 5, what is 221422 - -4131?
231103
In base 6, what is -404125 - 4?
-404133
In base 9, what is 321707 + 0?
321707
In base 7, what is 641252 + 5?
641260
In base 5, what is 32140 + -31?
32104
In base 8, what is 155 + 1525?
1702
In base 2, what is -10010 + 10110101111110?
10110101101100
In base 16, what is 49d74b - -2?
49d74d
In base 4, what is -3101 - 213200?
-222301
In base 14, what is -3ad + -154?
-523
In base 7, what is -1 + 2606364?
2606363
In base 5, what is -424 + -11014?
-11443
In base 5, what is -123001 - -124?
-122322
In base 8, what is -33 - 1574?
-1627
In base 6, what is 20204 - 141?
20023
In base 5, what is -1424 + -100004?
-101433
In base 5, what is -230024442 + -10?
-230030002
In base 9, what is 4 + 1332111?
1332115
In base 12, what is 123754 + 3?
123757
In base 13, what is -1c22 - -109?
-1b16
In base 2, what is -111000101110000111010 - 100?
-111000101110000111110
In base 14, what is -54976 + 2?
-54974
In base 15, what is -11e - 1e8?
-317
In base 2, what is 11100 + -11000110101011?
-11000110001111
In base 5, what is 1 - -13433201?
13433202
In base 4, what is 11 - -303301?
303312
In base 10, what is 23649 + -4?
23645
In base 7, what is -2 - 24030?
-24032
In base 6, what is 2 + 431002?
431004
In base 14, what is -a51 - 163?
-bb4
In base 3, what is 2102101021 + -122?
2102100122
In base 15, what is 3a047 - 3?
3a044
In base 16, what is 0 - -f9a67?
f9a67
In base 16, what is 502 + 4?
506
In base 11, what is 9 + -9500?
-94a2
In base 4, what is 32 - -232211200?
232211232
In base 4, what is 231132 + -32232?
132300
In base 7, what is -164 - -10532?
10335
In base 6, what is 1344 - -433?
2221
In base 8, what is -2 - -1031?
1027
In base 9, what is 38 - -2484?
2533
In base 10, what is -3095 + -18?
-3113
In base 15, what is 31 + 6d?
9e
In base 10, what is -16 - 1401?
-1417
In base 14, what is -5550 + -1?
-5551
In base 4, what is -10100321 + 0?
-10100321
In base 9, what is -13 + -11381?
-11404
In base 13, what is -2c + 1281a?
127bb
In base 12, what is -741 - -a?
-733
In base 3, what is 10012110100220 - -10?
10012110101000
In base 11, what is 2277 + 25?
22a1
In base 5, what is 1042021 + -20?
1042001
In base 14, what is -79 - -a7?
2c
In base 16, what is 67 - 1de?
-177
In base 11, what is -6769 + 8?
-6761
In base 14, what is b + 2058?
2065
In base 3, what is -102 + -120001220?
-120002022
In base 9, what is -502237 + -4?
-502242
In base 9, what is 806 - -60?
866
In base 7, what is 333 - 1260?
-624
In base 2, what is -101 + 111010100011100000?
111010100011011011
In base 15, what is 4 - 15a301?
-15a2ec
In base 13, what is 1a - 5c0?
-5a3
In base 5, what is 22131302 - -4?
22131311
In base 13, what is -a76 + -13?
-a89
In base 2, what is -1010100011 - -1?
-1010100010
In base 3, what is 1111 - -102112?
111000
In base 4, what is -222120031 - 2?
-222120033
In base 6, what is 4 + -24104?
-24100
In base 8, what is 0 - 13104?
-13104
In base 12, what is 2143 + -2?
2141
In base 12, what is -537 - 1095?
-1610
In base 10, what is 1578 + -3604?
-2026
In base 5, what is 1112103242 - 2?
1112103240
In base 8, what is 523 - -500?
1223
In base 12, what is 5517 - -5?
5520
In base 16, what is -1f + 74?
55
In base 11, what is -725 + -2a?
-754
In base 11, what is -24 - -2a50?
2a27
In base 9, what is -1 + -22451?
-22452
In base 3, what is -10 - -120112122?
120112112
In base 14, what is 0 - -a5756?
a5756
In base 5, what is -2331 + -24301?
-32132
In base 14, what is a0 + 2a4d?
2b0d
In base 6, what is 15 + 22351?
22410
In base 7, what is 514045 - 4?
514041
In base 10, what is 2 + 53873?
53875
In base 2, what is 1110101000 + 10100?
1110111100
In base 5, what is -423 + -44104?
-100032
In base 5, what is 102133 + 21?
102204
In base 12, what is 42 + 25a81?
25b03
In base 10, what is -217473 - -3?
-217470
In base 2, what is -101 - 10001010101010000?
-10001010101010101
In base 8, what is 120445 + -2?
120443
In base 14, what is 3 + -185?
-182
In base 10, what is 881656 + -5?
881651
In base 15, what is 42a5 - 1?
42a4
In base 11, what is 549a - 19a?
5300
In base 12, what is 918 - a3b?
-123
In base 16, what is f06 + -11?
ef5
In base 12, what is 3bb - -21?
420
In base 16, what is -497 + 2f?
-468
In base 16, what is 12f + -ef6?
-dc7
In base 15, what is 11d7 - 13?
11c4
In base 6, what is 405 - -110?
515
In base 16, what is 137b - -18?
1393
In base 15, what is 25 + 44d?
473
In base 10, what is -6684561 - -1?
-6684560
In base 8, what is 102 + 172710?
173012
In base 13, what is -356482 - -1?
-356481
In base 10, what is -28488 + -12?
-28500
In base 13, what is -43 - -2b40?
2aca
In base 7, what is 12504 - -606?
13413
In base 12, what is 18b79 - 22?
18b57
In base 13, wh